{"id":17,"date":"2025-10-24T09:29:28","date_gmt":"2025-10-24T07:29:28","guid":{"rendered":"https:\/\/www.javouhey-brest.fr\/lycee-javouhey\/?page_id=17"},"modified":"2026-05-05T17:23:53","modified_gmt":"2026-05-05T15:23:53","slug":"formations","status":"publish","type":"page","link":"https:\/\/www.javouhey-brest.fr\/lycee-javouhey\/formations\/","title":{"rendered":"Formations"},"content":{"rendered":"\n<p>Le Lyc\u00e9e Professionnel Javouhey propose un large \u00e9ventail de formations pour accompagner chaque \u00e9l\u00e8ve vers la r\u00e9ussite, de la 3\u00e8me Pr\u00e9pa-M\u00e9tiers jusqu&rsquo;au Baccalaur\u00e9at. Nos fili\u00e8res sont con\u00e7ues pour offrir une formation de qualit\u00e9, ancr\u00e9e dans les r\u00e9alit\u00e9s du monde professionnel.<\/p>\n\n\n\n<div class=\"wp-block-columns is-layout-flex wp-container-core-columns-is-layout-9d6595d7 wp-block-columns-is-layout-flex\">\n<div class=\"wp-block-column has-white-100-color has-lycee-background-color has-text-color has-background has-link-color wp-elements-e7573f171aaabc926f071ceef1241563 is-layout-flow wp-block-column-is-layout-flow\">\n<h3 class=\"wp-block-heading\"><a href=\"https:\/\/www.javouhey-brest.fr\/lycee-javouhey\/formations\/3e\/\">3\u00e8me Pr\u00e9pa-M\u00e9tiers<\/a><\/h3>\n<\/div>\n\n\n\n<div class=\"wp-block-column has-white-200-background-color has-background is-layout-flow wp-block-column-is-layout-flow\">\n<h3 class=\"wp-block-heading\"><a href=\"https:\/\/www.javouhey-brest.fr\/lycee-javouhey\/formations\/seconde-generale-et-technologique\/\">Seconde G\u00e9n\u00e9rale et Technologique<\/a><\/h3>\n<\/div>\n<\/div>\n\n\n\n<div class=\"wp-block-columns is-layout-flex wp-container-core-columns-is-layout-9d6595d7 wp-block-columns-is-layout-flex\">\n<div class=\"wp-block-column has-white-100-color has-blue-200-background-color has-text-color has-background has-link-color wp-elements-986ab0ee1bf1ef7b9243d23730466eea is-layout-flow wp-block-column-is-layout-flow\">\n<h3 class=\"wp-block-heading\"><a href=\"https:\/\/www.javouhey-brest.fr\/lycee-javouhey\/formations\/filiere-generale\/\">Voie G\u00e9n\u00e9rale Premi\u00e8re et Terminale<\/a><\/h3>\n<\/div>\n\n\n\n<div class=\"wp-block-column has-white-100-color has-blue-100-background-color has-text-color has-background has-link-color wp-elements-ab29766be5e1a8c14f40992d437037c4 is-layout-flow wp-block-column-is-layout-flow\">\n<h3 class=\"wp-block-heading\"><a href=\"https:\/\/www.javouhey-brest.fr\/lycee-javouhey\/formations\/stmg\/\">STMG (Sciences et Technologies du Management et de la Gestion)<\/a><\/h3>\n<\/div>\n<\/div>\n\n\n\n<div class=\"wp-block-columns is-layout-flex wp-container-core-columns-is-layout-9d6595d7 wp-block-columns-is-layout-flex\">\n<div class=\"wp-block-column has-white-100-color has-lycee-background-color has-text-color has-background has-link-color wp-elements-b17eb6423b57bf167a78cb3c00c736c8 is-layout-flow wp-block-column-is-layout-flow\">\n<h3 class=\"wp-block-heading\"><a href=\"https:\/\/www.javouhey-brest.fr\/lycee-javouhey\/formations\/3e\/\"><\/a><a href=\"https:\/\/www.javouhey-brest.fr\/lycee-javouhey\/formations\/baccalaureat-professionnel-agora\/\">Baccalaur\u00e9at professionnel AGOrA<\/a><\/h3>\n<\/div>\n\n\n\n<div class=\"wp-block-column has-white-200-background-color has-background is-layout-flow wp-block-column-is-layout-flow\">\n<h3 class=\"wp-block-heading\"><a href=\"https:\/\/www.javouhey-brest.fr\/lycee-javouhey\/formations\/seconde-generale-et-technologique\/\"><a href=\"https:\/\/www.javouhey-brest.fr\/lycee-javouhey\/formations\/baccalaureat-professionnel-metiers-de-laccueil\/\">Baccalaur\u00e9at professionnel M\u00e9tiers de l\u2019Accueil<\/a><\/a><\/h3>\n<\/div>\n<\/div>\n\n\n\n<div class=\"wp-block-columns is-layout-flex wp-container-core-columns-is-layout-9d6595d7 wp-block-columns-is-layout-flex\">\n<div class=\"wp-block-column has-white-100-color has-blue-200-background-color has-text-color has-background has-link-color wp-elements-fa3475835e0ab5842e88026af366cf59 is-layout-flow wp-block-column-is-layout-flow\">\n<h3 class=\"wp-block-heading\"><a href=\"https:\/\/www.javouhey-brest.fr\/lycee-javouhey\/formations\/filiere-generale\/\"><\/a><a href=\"https:\/\/www.javouhey-brest.fr\/lycee-javouhey\/formations\/baccalaureat-professionnel-metiers-du-commerce-et-de-la-vente\/\">Baccalaur\u00e9at professionnel M\u00e9tiers du Commerce et de la Vente<\/a><\/h3>\n<\/div>\n\n\n\n<div class=\"wp-block-column has-white-100-color has-text-color has-link-color wp-elements-5265258c36332fa441dbb03966f9b697 is-layout-flow wp-block-column-is-layout-flow\">\n<h3 class=\"wp-block-heading\"><\/h3>\n<\/div>\n<\/div>\n\n\n\n<p><\/p>\n","protected":false},"excerpt":{"rendered":"<p>Le Lyc\u00e9e Professionnel Javouhey propose un large \u00e9ventail de formations pour accompagner chaque \u00e9l\u00e8ve vers la r\u00e9ussite, de la 3\u00e8me Pr\u00e9pa-M\u00e9tiers jusqu&rsquo;au Baccalaur\u00e9at. Nos fili\u00e8res sont con\u00e7ues pour offrir une formation de qualit\u00e9, ancr\u00e9e dans les r\u00e9alit\u00e9s du monde professionnel. 3\u00e8me Pr\u00e9pa-M\u00e9tiers Seconde G\u00e9n\u00e9rale et Technologique Voie G\u00e9n\u00e9rale Premi\u00e8re et Terminale STMG (Sciences et Technologies [&hellip;]<\/p>\n","protected":false},"author":1,"featured_media":0,"parent":0,"menu_order":8,"comment_status":"closed","ping_status":"closed","template":"","meta":{"_acf_changed":false,"footnotes":""},"class_list":["post-17","page","type-page","status-publish","hentry"],"acf":[],"_links":{"self":[{"href":"https:\/\/www.javouhey-brest.fr\/lycee-javouhey\/wp-json\/wp\/v2\/pages\/17","targetHints":{"allow":["GET"]}}],"collection":[{"href":"https:\/\/www.javouhey-brest.fr\/lycee-javouhey\/wp-json\/wp\/v2\/pages"}],"about":[{"href":"https:\/\/www.javouhey-brest.fr\/lycee-javouhey\/wp-json\/wp\/v2\/types\/page"}],"author":[{"embeddable":true,"href":"https:\/\/www.javouhey-brest.fr\/lycee-javouhey\/wp-json\/wp\/v2\/users\/1"}],"replies":[{"embeddable":true,"href":"https:\/\/www.javouhey-brest.fr\/lycee-javouhey\/wp-json\/wp\/v2\/comments?post=17"}],"version-history":[{"count":10,"href":"https:\/\/www.javouhey-brest.fr\/lycee-javouhey\/wp-json\/wp\/v2\/pages\/17\/revisions"}],"predecessor-version":[{"id":26494,"href":"https:\/\/www.javouhey-brest.fr\/lycee-javouhey\/wp-json\/wp\/v2\/pages\/17\/revisions\/26494"}],"wp:attachment":[{"href":"https:\/\/www.javouhey-brest.fr\/lycee-javouhey\/wp-json\/wp\/v2\/media?parent=17"}],"curies":[{"name":"wp","href":"https:\/\/api.w.org\/{rel}","templated":true}]}}